 (base 14) to base 6
25
What is 20a (base 12) in base 10?
298
Convert 3 (base 11) to base 7.
3
What is 271 (base 10) in base 16?
10f
18 (base 9) to base 7
23
What is -2 (base 7) in base 3?
-2
Convert -4 (base 14) to base 6.
-4
110110 (base 2) to base 16
36
Convert -a (base 16) to base 10.
-10
Convert 8a (base 11) to base 9.
118
Convert -c6 (base 13) to base 10.
-162
6 (base 9) to base 3
20
-8 (base 11) to base 7
-11
9 (base 13) to base 5
14
111011 (base 2) to base 12
4b
-2 (base 10) to base 7
-2
What is 31 (base 10) in base 13?
25
-4b (base 12) to base 7
-113
Convert -42 (base 14) to base 6.
-134
Convert -1102 (base 5) to base 4.
-2120
-54 (base 12) to base 3
-2101
-95 (base 10) to base 4
-1133
-f (base 16) to base 2
-1111
-11100 (base 2) to base 9
-31
What is 1 (base 7) in base 3?
1
-8 (base 10) to base 3
-22
203 (base 6) to base 14
55
13 (base 4) to base 7
10
3 (base 12) to base 10
3
What is -4 (base 8) in base 4?
-10
Convert -6 (base 15) to base 6.
-10
What is -118 (base 9) in base 15?
-68
Convert -5 (base 16) to base 10.
-5
What is 102 (base 4) in base 15?
13
61 (base 14) to base 6
221
Convert -11 (base 13) to base 5.
-24
What is 102 (base 6) in base 7?
53
What is 30 (base 4) in base 9?
13
What is 34 (base 6) in base 5?
42
What is 9 (base 14) in base 4?
21
Convert 11 (base 5) to base 8.
6
What is 4b (base 13) in base 9?
70
-10 (base 3) to base 14
-3
2 (base 3) to base 5
2
-2102 (base 3) to base 13
-50
What is -1 (base 12) in base 4?
-1
What is -b (base 15) in base 16?
-b
Convert -4 (base 7) to base 3.
-11
102 (base 7) to base 14
39
Convert -9c (base 13) to base 15.
-89
219 (base 13) to base 14
1ba
17 (base 9) to base 10
16
110 (base 7) to base 11
51
-18 (base 12) to base 2
-10100
What is -3 (base 15) in base 9?
-3
4 (base 6) to base 3
11
What is -106 (base 7) in base 5?
-210
What is -311 (base 4) in base 6?
-125
Convert 14 (base 11) to base 4.
33
What is -5 (base 13) in base 12?
-5
Convert -4 (base 7) to base 5.
-4
-3 (base 10) to base 2
-11
Convert -31 (base 5) to base 3.
-121
What is 66 (base 9) in base 12?
50
-2 (base 5) to base 2
-10
7 (base 8) to base 4
13
-3 (base 6) to base 12
-3
Convert 3 (base 5) to base 11.
3
Convert 1 (base 4) to base 12.
1
Convert -1 (base 6) to base 3.
-1
What is 9 (base 13) in base 8?
11
What is 11 (base 2) in base 8?
3
What is -1120 (base 3) in base 12?
-36
131 (base 6) to base 15
3a
What is a (base 16) in base 5?
20
Convert -3 (base 10) to base 16.
-3
-203 (base 4) to base 5
-120
Convert 7d (base 16) to base 5.
1000
3 (base 10) to base 14
3
Convert 0 (base 8) to base 16.
0
10100 (base 2) to base 3
202
What is 102 (base 7) in base 15?
36
13 (base 8) to base 13
b
Convert -2 (base 5) to base 12.
-2
What is -2 (base 6) in base 11?
-2
2 (base 6) to base 5
2
Convert 93 (base 13) to base 8.
170
1300 (base 4) to base 8
160
Convert 22 (base 3) to base 15.
8
-1 (base 10) to base 11
-1
97 (base 16) to base 3
12121
-21 (base 13) to base 11
-25
Convert -14 (base 5) to base 11.
-9
Convert 10 (base 2) to base 7.
2
4 (base 9) to base 3
11
4 (base 8) to base 15
4
Convert -53 (base 6) to base 10.
-33
What is -5 (base 9) in base 3?
-12
Convert -5 (base 12) to base 6.
-5
Convert 2013 (base 4) to base 2.
10000111
-101 (base 2) to base 13
-5
What is 2 (base 8) in base 11?
2
Convert -1011 (base 2) to base 7.
-14
-8a (base 15) to base 16
-82
What is 9b (base 14) in base 16?
89
-10 (base 15) to base 13
-12
-78 (base 13) to base 14
-71
-1110 (base 3) to base 15
-29
a (base 14) to base 12
a
6 (base 15) to base 16
6
What is -1002 (base 3) in base 16?
-1d
Convert c (base 13) to base 10.
12
What is 0 (base 3) in base 10?
0
Convert 1d (base 16) to base 10.
29
What is 266 (base 7) in base 12?
102
Convert -65 (base 16) to base 11.
-92
What is 4 (base 14) in base 5?
4
16 (base 14) to base 8
24
Convert -2210 (base 3) to base 15.
-50
What is 0 (base 7) in base 2?
0
Convert -42 (base 9) to base 2.
-100110
2 (base 13) to base 12
2
-13 (base 7) to base 16
-a
What is -2 (base 12) in base 2?
-10
Convert -4e (base 15) to base 5.
-244
Convert 16 (base 10) to base 2.
10000
77 (base 9) to base 15
4a
-1a (base 14) to base 8
-30
-20 (base 7) to base 6
-22
Convert -2022 (base 3) to base 16.
-3e
13 (base 11) to base 7
20
What is 18 (base 14) in base 15?
17
Convert 2 (base 10) to base 14.
2
-93 (base 15) to base 13
-a8
Convert -504 (base 7) to base 13.
-162
64 (base 7) to base 11
42
Convert 3 (base 6) to base 5.
3
121 (base 7) to base 3
2101
-264 (base 7) to base 15
-99
101 (base 4) to base 8
21
What is -3 (base 14) in base 6?
-3
Convert 4 (base 12) to base 7.
4
What is 100101 (base 2) in base 4?
211
19 (base 15) to base 8
30
4 (base 9) to base 14
4
What is -3 (base 10) in base 3?
-10
-41 (base 13) to base 8
-65
Convert 22 (base 8) to base 4.
102
Convert c9 (base 16) to base 3.
21110
-16 (base 14) to base 3
-202
What is -11 (base 8) in base 15?
-9
27 (base 16) to base 7
54
What is -93 (base 12) in base 2?
-1101111
-41 (base 5) to base 6
-33
What is 154 (base 8) in base 4?
1230
What is -d5 (base 15) in base 4?
-3020
1 (base 16) to base 3
1
Convert -1 (base 15) to base 3.
-1
Convert 18 (base 14) to base 6.
34
What is -502 (base 9) in base 8?
-627
Convert -112 (base 9) to base 8.
-134
2a (base 16) to base 9
46
Convert -4 (base 7) to base 13.
-4
What is -21 (base 4) in base 8?
-11
Convert -3 (base 5) to base 10.
-3
What is 3 (base 9) in base 10?
3
What is 6 (base 13) in base 10?
6
What is 9 (base 14) in base 8?
11
3 (base 11) to base 3
10
Convert 0 (base 7) to base 15.
0
Convert 0 (base 14) to base 13.
0
Convert -3 (base 12) to base 8.
-3
What is -b (base 16) in base 7?
-14
3 (base 13) to base 8
3
What is 3 (base 15) in base 14?
3
-2 (base 11) to base 3
-2
4 (base 7) to base 10
4
What is -4 (base 13) in base 4?
-10
Convert 10 (base 2) to base 12.
2
Convert 0 (base 11) to base 5.
0
What is 62 (base 10) in base 8?
76
What is -6 (base 10) in base 14?
-6
-4 (base 11) to base 4
-10
-26 (base 15) to base 8
-44
-3 (base 10) to base 16
-3
Convert -10 (base 2) to base 8.
-2
Convert 92 (base 15) to base 2.
10001001
Convert 54 (base 9) to base 8.
61
Convert -12 (base 10) to base 5.
-22
What is d2 (base 14) in base 4?
2320
Convert 1aa (base 13) to base 9.
373
Convert -25 (base 13) to base 12.
-27
What is 11 (base 6) in base 16?
7
What is 2001 (base 3) in base 10?
55
44 (base 9) to base 5
130
34 (base 7) to base 13
1c
What is 69 (base 15) in base 11?
90
Convert 0 (base 13) to base 15.
0
What is -10 (base 4) in base 10?
-4
Convert 114 (base 12) to base 16.
a0
Convert 30 (base 5) to base 11.
14
What is -14 (base 5) in base 9?
-10
What is -11 (base 11) in base 10?
-12
c (base 13) to base 14
c
Convert 1001 (base 2) to base 12.
9
What is -22 (base 3) in base 14?
-8
What is -14 (base 10) in base 13?
-11
What is 2 (base 12) in base 13?
2
2 (base 3) to base 4
2
Convert -22 (base 8) to base 15.
-13
-50 (base 9) to base 12
-39
What is -35 (base 12) in base 15?
-2b
-1 (base 10) to base 7
-1
5 (base 16) to base 2
101
What is -2122 (base 3) in base 2?
-1000111
Convert 32 (base 7) to base 3.
212
Convert 3 (base 14) to base 2.
11
What is 200 (base 4) in base 3?
1012
-18c (base 15) to base 4
-11211
What is -8 (base 13) in base 3?
-22
Convert -1 (base 13) to base 6.
-1
Convert 10 (base 15) to base 14.
11
What is 13 (base 9) in base 6?
20
What is 42 (base 5) in base 7?
31
17 (base 16) to base 5
43
4 (base 15) to base 16
4
Convert -1e (base 16) to base 7.
-42
Convert -13 (base 10) to base 7.
-16
What is -114 (base 7) in base 2?
-111100
-65 (base 16) to base 10
-101
What is 111 (base 2) in base 13?
7
What is -10101 (base 2) in base 15?
-16
What is 4 (base 16) in base 6?
4
Convert -11 (base 5) to base 15.
-6
111 (base 13) to base 15
c3
What is 14 (base 12) in base 16?
10
Convert 6 (base 12) to base 13.
6
What is 3 (base 4) in base 14?
3
Convert 2a (base 13) to base 16.
24
-112 (base 5) to base 7
-44
What is 133 (base 5) in base 13?
34
Convert 1 (base 8) to base 3.
1
Convert 10 (base 5) to base 4.
11
What is 210 (base 7) in base 6?
253
-111 (base 5) to base 15
-21
a (base 11) to base 16
a
Convert -111 (base 4) to base 11.
-1a
-4 (base 16) to base 10
-4
What is -11c (base 16) in base 6?
-1152
What is -3 (base 12) in base 10?
-3
Convert 125 (base 11) to base 12.
104
Convert 3 (base 9) to bas